t is the remainder when 37692 is divided by 3424?
28
What is the remainder when 15964 is divided by 208?
156
What is the remainder when 95787 is divided by 31?
28
Calculate the remainder when 312982 is divided by 1134.
1132
What is the remainder when 2266 is divided by 2065?
201
Calculate the remainder when 57506 is divided by 19167.
5
What is the remainder when 3542 is divided by 31?
8
What is the remainder when 48163 is divided by 266?
17
Calculate the remainder when 9230 is divided by 2128.
718
Calculate the remainder when 1027001 is divided by 374.
371
What is the remainder when 6098 is divided by 107?
106
What is the remainder when 13574 is divided by 1269?
884
What is the remainder when 130983 is divided by 766?
763
Calculate the remainder when 4507 is divided by 330.
217
What is the remainder when 1276299 is divided by 1514?
1511
Calculate the remainder when 7720 is divided by 25.
20
Calculate the remainder when 1046 is divided by 347.
5
What is the remainder when 2976162 is divided by 463?
461
What is the remainder when 14979 is divided by 2993?
14
Calculate the remainder when 95198 is divided by 15857.
56
What is the remainder when 17474 is divided by 117?
41
Calculate the remainder when 18733 is divided by 728.
533
What is the remainder when 19616 is divided by 39?
38
Calculate the remainder when 6361 is divided by 26.
17
Calculate the remainder when 3471 is divided by 112.
111
What is the remainder when 18927 is divided by 67?
33
Calculate the remainder when 6102 is divided by 105.
12
What is the remainder when 205032 is divided by 40993?
67
What is the remainder when 454274 is divided by 1385?
1379
Calculate the remainder when 30005 is divided by 246.
239
What is the remainder when 11705 is divided by 1059?
56
Calculate the remainder when 3185 is divided by 3182.
3
Calculate the remainder when 60502 is divided by 60470.
32
Calculate the remainder when 1160 is divided by 343.
131
What is the remainder when 1536 is divided by 417?
285
Calculate the remainder when 21287 is divided by 190.
7
Calculate the remainder when 19618 is divided by 4898.
26
Calculate the remainder when 108952 is divided by 9.
7
What is the remainder when 15481 is divided by 242?
235
Calculate the remainder when 22875 is divided by 4299.
1380
What is the remainder when 12020 is divided by 803?
778
Calculate the remainder when 2009457 is divided by 13.
8
Calculate the remainder when 9200 is divided by 2722.
1034
Calculate the remainder when 12822 is divided by 4.
2
What is the remainder when 84053 is divided by 14003?
35
What is the remainder when 250945 is divided by 83646?
7
Calculate the remainder when 24620 is divided by 27.
23
What is the remainder when 9423 is divided by 1464?
639
Calculate the remainder when 980 is divided by 217.
112
Calculate the remainder when 14572 is divided by 339.
334
What is the remainder when 780519 is divided by 760?
759
What is the remainder when 6672 is divided by 267?
264
What is the remainder when 484 is divided by 222?
40
What is the remainder when 34446 is divided by 241?
224
Calculate the remainder when 37192 is divided by 7425.
67
What is the remainder when 1472 is divided by 1335?
137
Calculate the remainder when 76358 is divided by 3.
2
What is the remainder when 2663 is divided by 1297?
69
Calculate the remainder when 6473015 is divided by 72.
71
What is the remainder when 74306 is divided by 2?
0
Calculate the remainder when 188249 is divided by 47062.
1
Calculate the remainder when 5845 is divided by 5794.
51
What is the remainder when 11944 is divided by 1190?
44
What is the remainder when 71541 is divided by 591?
30
What is the remainder when 36750 is divided by 9180?
30
Calculate the remainder when 149405 is divided by 1299.
20
What is the remainder when 228 is divided by 4?
0
Calculate the remainder when 9923 is divided by 255.
233
Calculate the remainder when 130380 is divided by 67.
65
What is the remainder when 80666 is divided by 332?
322
What is the remainder when 20053 is divided by 1736?
957
Calculate the remainder when 36060 is divided by 392.
388
Calculate the remainder when 7091 is divided by 95.
61
Calculate the remainder when 2375 is divided by 777.
44
What is the remainder when 102813 is divided by 48?
45
Calculate the remainder when 114787 is divided by 130.
127
What is the remainder when 15519 is divided by 17?
15
Calculate the remainder when 11837 is divided by 184.
61
Calculate the remainder when 16726 is divided by 182.
164
Calculate the remainder when 81553 is divided by 40706.
141
Calculate the remainder when 22038 is divided by 106.
96
Calculate the remainder when 15569 is divided by 920.
849
What is the remainder when 17358 is divided by 3?
0
What is the remainder when 94074 is divided by 70?
64
What is the remainder when 51382 is divided by 627?
595
What is the remainder when 403194 is divided by 105?
99
Calculate the remainder when 516 is divided by 499.
17
Calculate the remainder when 1250980 is divided by 122.
114
What is the remainder when 745 is divided by 225?
70
What is the remainder when 493292 is divided by 11?
8
Calculate the remainder when 32230 is divided by 658.
646
Calculate the remainder when 134035 is divided by 21.
13
What is the remainder when 2316 is divided by 191?
24
What is the remainder when 6279 is divided by 444?
63
Calculate the remainder when 129359 is divided by 55.
54
What is the remainder when 2741 is divided by 106?
91
What is the remainder when 213377 is divided by 37?
35
Calculate the remainder when 4442 is divided by 734.
38
Calculate the remainder when 37390 is divided by 585.
535
Calculate the remainder when 2989158 is divided by 1071.
1068
Calculate the remainder when 5136 is divided by 77.
54
What is the remainder when 2695 is divided by 671?
11
What is the remainder when 1944 is divided by 297?
162
Calculate the remainder when 928 is divided by 295.
43
What is the remainder when 64371 is divided by 82?
1
Calculate the remainder when 22283 is divided by 2227.
13
Calculate the remainder when 15816 is divided by 417.
387
What is the remainder when 4267 is divided by 780?
367
What is the remainder when 5203 is divided by 77?
44
Calculate the remainder when 1167 is divided by 911.
256
Calculate the remainder when 166853 is divided by 106.
9
What is the remainder when 1393559 is divided by 36?
35
What is the remainder when 72949 is divided by 50?
49
Calculate the remainder when 20025 is divided by 1217.
553
Calculate the remainder when 84032 is divided by 3120.
2912
What is the remainder when 58111 is divided by 16?
15
Calculate the remainder when 595 is divided by 10.
5
Calculate the remainder when 4786 is divided by 1311.
853
What is the remainder when 263173 is divided by 65791?
9
Calculate the remainder when 236879 is divided by 42.
41
Calculate the remainder when 799338 is divided by 85.
83
Calculate the remainder when 3919 is divided by 49.
48
Calculate the remainder when 13275 is divided by 171.
108
What is the remainder when 2241 is divided by 2171?
70
What is the remainder when 195465 is divided by 56?
25
What is the remainder when 2194239 is divided by 502?
499
Calculate the remainder when 1867 is divided by 459.
31
What is the remainder when 41319 is divided by 8259?
24
What is the remainder when 113909 is divided by 22780?
9
What is the remainder when 9128 is divided by 76?
8
What is the remainder when 3128 is divided by 82?
12
What is the remainder when 28513 is divided by 97?
92
Calculate the remainder when 1234 is divided by 43.
30
Calculate the remainder when 7324 is divided by 149.
23
Calculate the remainder when 937 is divided by 307.
16
What is the remainder when 17827 is divided by 1794?
1681
What is the remainder when 310 is divided by 2?
0
Calculate the remainder when 111599 is divided by 16.
15
Calculate the remainder when 21890 is divided by 282.
176
What is the remainder when 50328 is divided by 249?
30
What is the remainder when 14091 is divided by 783?
780
Calculate the remainder when 49469 is divided by 132.
101
Calculate the remainder when 227516 is divided by 360.
356
Calculate the remainder when 156911 is divided by 747.
41
What is the remainder when 241025 is divided by 336?
113
What is the remainder when 60054 is divided